osite?
True
Is 143107 composite?
False
Is 4727 prime?
False
Is 11729 a prime number?
False
Is 186323 a composite number?
True
Is 5179 composite?
False
Is 2302 composite?
True
Is 66337 a prime number?
True
Is 756869 a composite number?
False
Is 800773 a composite number?
False
Is 26623 a prime number?
False
Is 1068179 composite?
True
Is 68513 a composite number?
True
Is 943273 composite?
False
Is 213874 a composite number?
True
Is 9934 prime?
False
Is 33379 prime?
False
Is 19577 a composite number?
False
Is 77711 a composite number?
False
Is 139331 a composite number?
True
Is 138613 a prime number?
False
Is 242809 prime?
False
Is 937661 a prime number?
True
Is 13217 prime?
True
Is 116141 a composite number?
False
Is 16351 a composite number?
True
Is 736867 composite?
False
Is 106591 prime?
True
Is 2047 composite?
True
Is 120167 composite?
False
Is 4811 prime?
False
Is 491581 a composite number?
False
Is 3037 a composite number?
False
Is 6731 prime?
False
Is 320797 a prime number?
False
Is 25667 a prime number?
True
Is 2752687 a prime number?
False
Is 8663 composite?
False
Is 24286 a prime number?
False
Is 134087 prime?
True
Is 298003 a composite number?
True
Is 115631 a composite number?
False
Is 22817 a composite number?
False
Is 23969 composite?
True
Is 163641 prime?
False
Is 55327 a prime number?
False
Is 27539 prime?
True
Is 36619 composite?
True
Is 422627 a composite number?
False
Is 122387 a prime number?
True
Is 37409 prime?
True
Is 82651 prime?
True
Is 307114 a composite number?
True
Is 150649 a composite number?
False
Is 9961 a prime number?
False
Is 175261 a prime number?
True
Is 4555 a prime number?
False
Is 370597 a prime number?
True
Is 198813 composite?
True
Is 57841 a composite number?
True
Is 14969 composite?
False
Is 2507 a composite number?
True
Is 1588937 a composite number?
True
Is 838237 a prime number?
False
Is 5297 a prime number?
True
Is 14963 composite?
True
Is 38035 composite?
True
Is 100459 a composite number?
False
Is 22917 a composite number?
True
Is 373358 a prime number?
False
Is 332359 a prime number?
False
Is 287437 composite?
False
Is 294127 a prime number?
True
Is 38903 a composite number?
False
Is 1795 a composite number?
True
Is 24161 a prime number?
False
Is 171053 a composite number?
False
Is 1267337 prime?
False
Is 33679 composite?
False
Is 811583 prime?
True
Is 3281713 a composite number?
True
Is 631 a composite number?
False
Is 99967 prime?
False
Is 5173 composite?
True
Is 9253 a prime number?
False
Is 3937 prime?
False
Is 22613 a composite number?
False
Is 84011 prime?
True
Is 1003 a composite number?
True
Is 45457 a composite number?
True
Is 61933 prime?
True
Is 134 a prime number?
False
Is 434289 a prime number?
False
Is 7509 composite?
True
Is 2170405 a composite number?
True
Is 43223 composite?
False
Is 23605 a prime number?
False
Is 7789 a composite number?
False
Is 15923 prime?
True
Is 685897 a composite number?
True
Is 25598 composite?
True
Is 936619 a prime number?
True
Is 293071 composite?
False
Is 87991 a prime number?
True
Is 1129889 a prime number?
True
Is 24659 prime?
True
Is 1648277 a prime number?
True
Is 110609 a prime number?
True
Is 15569 a prime number?
True
Is 6299 a composite number?
False
Is 175501 composite?
True
Is 2987 composite?
True
Is 41977 a composite number?
True
Is 182261 a prime number?
True
Is 2863 composite?
True
Is 245953 a prime number?
False
Is 1399 prime?
True
Is 261697 prime?
True
Is 48647 prime?
True
Is 372149 a composite number?
False
Is 2371 composite?
False
Is 164137 a composite number?
True
Is 2641 prime?
False
Is 200863 a composite number?
True
Is 611 prime?
False
Is 304309 prime?
False
Is 15727 prime?
True
Is 291749 composite?
True
Is 6143 composite?
False
Is 24809 prime?
True
Is 9913 composite?
True
Is 242999 composite?
False
Is 188891 prime?
True
Is 7621 a prime number?
True
Is 5269 a composite number?
True
Is 3119 prime?
True
Is 1411105 a prime number?
False
Is 61549 a prime number?
False
Is 228829 composite?
False
Is 496205 a composite number?
True
Is 19837 composite?
True
Is 2103 prime?
False
Is 4918 composite?
True
Is 41299 prime?
True
Is 324839 prime?
True
Is 608187 a prime number?
False
Is 763597 prime?
True
Is 123361 prime?
False
Is 7079 a composite number?
False
Is 32347 composite?
True
Is 67447 a prime number?
True
Is 1493813 a prime number?
True
Is 47941 prime?
False
Is 1657 a prime number?
True
Is 267373 prime?
True
Is 351419 composite?
True
Is 513215 a composite number?
True
Is 4709 composite?
True
Is 17723 composite?
True
Is 839453 prime?
True
Is 26099 prime?
True
Is 128638 prime?
False
Is 1945181 a prime number?
False
Is 2398745 a prime number?
False
Is 108571 a composite number?
False
Is 49663 prime?
True
Is 9407 prime?
False
Is 337681 a prime number?
True
Is 133949 a prime number?
True
Is 3629 a composite number?
True
Is 308003 a composite number?
False
Is 50117 a prime number?
False
Is 138439 a prime number?
False
Is 24721 composite?
True
Is 2333 composite?
False
Is 128839 composite?
True
Is 535631 a prime number?
False
Is 29251 a composite number?
False
Is 2426878 a prime number?
False
Is 405419 a prime number?
False
Is 202595 composite?
True
Is 49849 a prime number?
False
Is 1475953 composite?
False
Is 7717 a composite number?
False
Is 17539 composite?
False
Is 516449 a prime number?
True
Is 1783 a prime number?
True
Is 28901 a composite number?
False
Is 74177 composite?
False
Is 475219 prime?
True
Is 860209 a prime number?
False
Is 25561 composite?
False
Is 229483 composite?
True
Is 747539 composite?
True
Is 14923 a composite number?
False
Is 1836853 a prime number?
True
Is 75971 composite?
True
Is 7841 composite?
False
Is 20317 a composite number?
True
Is 712951 a composite number?
False
Is 39981 a composite number?
True
Is 40497 composite?
True
Is 95971 a prime number?
True
Is 927163 a composite number?
True
Is 218591 a prime number?
True
Is 1533221 a composite number?
False
Is 188867 a composite number?
True
Is 37831 a composite number?
False
Is 460871 composite?
False
Is 49307 a composite number?
False
Is 4861 a prime number?
True
Is 120763 composite?
False
Is 368987 a composite number?
True
Is 53 composite?
False
Is 3086 prime?
False
Is 252761 a prime number?
True
Is 4593 prime?
False
Is 586037 composite?
False
Is 37769 composite?
True
Is 424537 composite?
False
Is 3041 a prime number?
True
Is 20053 a composite number?
True
Is 715097 a composite number?
True
Is 505811 a composite number?
False
Is 199399 prime?
True
Is 12587 a prime number?
False
Is 8327 prime?
False
Is 5227 a composite number?
False
Is 146449 a composite number?
False
Is 28451 prime?
False
Is 177787 a composite number?
False
Is 13586 a composite number?
True
Is 265703 a prime number?
True
Is 258409 composite?
True
Is 21961 a composite number?
False
Is 4677179 prime?
False
Is 20477 a composite number?
False
Is 152293 a prime number?
True
Is 133391 prime?
True
Is 3511 a composite number?
False
Is 9197 composite?
True
Is 19641 a composite number?
True
Is 50223 prime?
False
Is 2084501 composite?
False
Is 6803 prime?
True
Is 3989 a prime number?
True
Is 65165 composite?
True
Is 15967 a composite number?
True
Is 49027 a composite number?
True
Is 35797 composite?
False
Is 73111 a prime number?
False
Is 1513 a prime number?
False
Is 1261627 composite?
False
Is 3747 prime?
False
Is 8039 a composite number?
False
Is 306991 composite?
False
Is 23799 prime?
False
Is 12097 a composite number?
False
Is 10405 a prime number?
False
Is 2489683 composite?
True
Is 69623 prime?
True
Is 6983 a composite number?
False
Is 14309 a composite number?
True
Is 16787 prime?
True
Is 43379 prime?
False
Is 14899 a composite number?
True
Is 8511 composite?
True
Is 4045 prime?
False
Is 95701 a prime number?
True
Is 28787 prime?
False
Is 25733 composite?
False
Is 398081 composite?
True
Is 29677 a composite number?
True
Is 130742 a composite number?
True
Is 33691 prime?
False
Is 893 a prime number?
False
Is 36689 a prime number?
False
Is 50627 a composite number?
False
Is 24617 prime?
False
Is 1733 composite?
False
Is 36451 a composite number?
False
Is 152567 a prime number?
True
Is 1053709 prime?
False
Is 28807 prime?
True
Is 3265 composite?
True
Is 109861 composite?
True
Is 3659 a prime numbe